194973?
8
What is the remainder when 38958 is divided by 1399?
1185
Calculate the remainder when 95428178 is divided by 233.
232
Calculate the remainder when 22622 is divided by 4192.
1662
What is the remainder when 3482566 is divided by 3115?
3111
What is the remainder when 7980836 is divided by 3990410?
16
Calculate the remainder when 4644203 is divided by 304.
299
What is the remainder when 25783288 is divided by 195?
193
Calculate the remainder when 20150 is divided by 6396.
962
What is the remainder when 46293220 is divided by 8982?
8974
What is the remainder when 1315242 is divided by 7?
5
Calculate the remainder when 49526426 is divided by 6539.
40
What is the remainder when 32858 is divided by 8163?
206
Calculate the remainder when 1245847 is divided by 13.
5
What is the remainder when 656030 is divided by 54661?
98
What is the remainder when 3643651 is divided by 392?
11
Calculate the remainder when 12090649 is divided by 427.
144
Calculate the remainder when 114907175 is divided by 11429.
9
Calculate the remainder when 15381 is divided by 7441.
499
Calculate the remainder when 12032981 is divided by 51.
41
What is the remainder when 849951827 is divided by 9468?
9467
Calculate the remainder when 60685 is divided by 6003.
655
Calculate the remainder when 954108 is divided by 90.
18
Calculate the remainder when 1633876 is divided by 4642.
4534
What is the remainder when 2893 is divided by 93?
10
Calculate the remainder when 136606 is divided by 4930.
3496
Calculate the remainder when 353170 is divided by 651.
328
What is the remainder when 67010343 is divided by 748?
15
Calculate the remainder when 294065 is divided by 16323.
251
What is the remainder when 291983715 is divided by 1986?
9
What is the remainder when 6805833 is divided by 24?
9
Calculate the remainder when 168863 is divided by 6492.
71
Calculate the remainder when 1457109 is divided by 1589.
1585
What is the remainder when 212444 is divided by 42444?
224
What is the remainder when 7099970 is divided by 138?
8
Calculate the remainder when 571673 is divided by 2447.
1522
What is the remainder when 19670041 is divided by 28100?
41
Calculate the remainder when 2085572 is divided by 771.
17
Calculate the remainder when 216964 is divided by 2166.
364
Calculate the remainder when 6288939 is divided by 174688.
171
Calculate the remainder when 181118598 is divided by 520.
518
Calculate the remainder when 3328265 is divided by 8577.
389
Calculate the remainder when 2714170 is divided by 1357038.
94
Calculate the remainder when 5506483 is divided by 26.
21
Calculate the remainder when 41689539 is divided by 10422383.
7
Calculate the remainder when 33464072 is divided by 33464060.
12
Calculate the remainder when 169820165 is divided by 130.
125
Calculate the remainder when 27835877 is divided by 566.
563
Calculate the remainder when 73990 is divided by 72239.
1751
Calculate the remainder when 1354641 is divided by 257.
251
Calculate the remainder when 1765355 is divided by 10.
5
Calculate the remainder when 77836789 is divided by 5633.
5628
Calculate the remainder when 1440116 is divided by 359975.
216
Calculate the remainder when 535756 is divided by 2945.
2711
Calculate the remainder when 161131 is divided by 32199.
136
What is the remainder when 52998459 is divided by 99?
96
Calculate the remainder when 177564 is divided by 53.
14
Calculate the remainder when 30872123 is divided by 522.
521
What is the remainder when 2864981 is divided by 358122?
5
What is the remainder when 492472 is divided by 491?
490
Calculate the remainder when 2745274 is divided by 66.
4
Calculate the remainder when 657540 is divided by 1592.
44
Calculate the remainder when 559937 is divided by 762.
629
Calculate the remainder when 2787909 is divided by 550.
509
What is the remainder when 285886576 is divided by 3256?
8
Calculate the remainder when 18428135 is divided by 25559.
96
Calculate the remainder when 2323399 is divided by 387230.
19
Calculate the remainder when 3979791 is divided by 26.
23
What is the remainder when 31162 is divided by 445?
12
Calculate the remainder when 94409 is divided by 400.
9
What is the remainder when 116053 is divided by 114898?
1155
What is the remainder when 4641493 is divided by 60279?
10
What is the remainder when 469876 is divided by 2486?
22
What is the remainder when 156330 is divided by 8677?
144
What is the remainder when 879769 is divided by 8?
1
What is the remainder when 37662 is divided by 3423?
9
Calculate the remainder when 3353630 is divided by 124.
50
Calculate the remainder when 1176433 is divided by 3653.
167
Calculate the remainder when 33134542 is divided by 9.
7
What is the remainder when 40380 is divided by 168?
60
What is the remainder when 195913 is divided by 39053?
648
Calculate the remainder when 18483745 is divided by 181213.
19
Calculate the remainder when 316628 is divided by 3911.
3748
Calculate the remainder when 45450533 is divided by 9090099.
38
Calculate the remainder when 196827 is divided by 49126.
323
Calculate the remainder when 841596 is divided by 27.
6
Calculate the remainder when 6895323 is divided by 4726.
89
Calculate the remainder when 130922 is divided by 43519.
365
What is the remainder when 150215201 is divided by 25128?
17
What is the remainder when 254094 is divided by 372?
18
What is the remainder when 595222 is divided by 198241?
499
Calculate the remainder when 100082467 is divided by 10.
7
Calculate the remainder when 3496032 is divided by 1165341.
9
Calculate the remainder when 17190806 is divided by 5730057.
635
Calculate the remainder when 2295827 is divided by 91833.
2
What is the remainder when 57667956 is divided by 725?
6
Calculate the remainder when 131976 is divided by 5990.
196
What is the remainder when 19621 is divided by 6452?
265
What is the remainder when 397247 is divided by 267?
218
What is the remainder when 17858 is divided by 5413?
1619
What is the remainder when 784245 is divided by 112031?
28
What is the remainder when 11487034 is divided by 2871754?
18
What is the remainder when 41029 is divided by 3?
1
What is the remainder when 32887767 is divided by 96445?
22
Calculate the remainder when 548681599 is divided by 1385.
1384
What is the remainder when 1158050 is divided by 7929?
416
What is the remainder when 444166 is divided by 49351?
7
What is the remainder when 918338 is divided by 102037?
5
What is the remainder when 3653905 is divided by 20?
5
Calculate the remainder when 283877 is divided by 3225.
77
What is the remainder when 22944 is divided by 4005?
2919
What is the remainder when 65199 is divided by 2608?
2607
Calculate the remainder when 18050117 is divided by 4512525.
17
What is the remainder when 477053 is divided by 158942?
227
Calculate the remainder when 273804 is divided by 413.
398
What is the remainder when 3584460 is divided by 82?
76
What is the remainder when 1436049 is divided by 505?
334
Calculate the remainder when 1581561 is divided by 29.
17
Calculate the remainder when 11339122 is divided by 71.
67
Calculate the remainder when 57745 is divided by 3477.
2113
Calculate the remainder when 30354378 is divided by 28.
26
What is the remainder when 91058 is divided by 43091?
4876
Calculate the remainder when 53956042 is divided by 4301.
4298
What is the remainder when 68200632 is divided by 4561?
4560
What is the remainder when 28382686 is divided by 9460890?
16
What is the remainder when 37173297 is divided by 23?
7
Calculate the remainder when 4634621 is divided by 47.
45
Calculate the remainder when 556993 is divided by 200.
193
What is the remainder when 45314989 is divided by 127?
119
Calculate the remainder when 338869 is divided by 22589.
34
Calculate the remainder when 191510 is divided by 748.
22
What is the remainder when 46769 is divided by 809?
656
What is the remainder when 73195 is divided by 9137?
99
Calculate the remainder when 4897952 is divided by 1721.
1707
Calculate the remainder when 13390 is divided by 3088.
1038
What is the remainder when 71906 is divided by 4792?
26
Calculate the remainder when 195203657 is divided by 2623.
2620
Calculate the remainder when 53709 is divided by 240.
189
What is the remainder when 19846 is divided by 17619?
2227
Wha